f 453 + -540 - (1 + -100)?
12
What is the value of -9 - -3 - (22 + (32 - 30) - (7 + -6))?
-29
-20 - (-6 + (6 - (-10 - -19)))
-11
Evaluate 0 - (3 + 0 + 19) - (-1390 + 1380) - -7.
-5
What is (35 - 135) + 107 + (37 - (-2 - -1))?
45
What is the value of 4 + -46 + 1 + (12 - 26)?
-55
What is 40 + (-57 - -28) + -47 + -73?
-109
Evaluate 189 + -158 + (3 - 13) + 16.
37
What is the value of -2 - (20 + -12 + -5 + 7)?
-12
What is the value of 1 - (0 - 12) - (-1079 - -1241) - (-11 + 1)?
-139
Evaluate (19 - 2) + -29 + -4 + (-3 - (-4 + 8)).
-23
What is the value of 21 - 52 - -86 - (6 - 35)?
84
Evaluate 25 + (0 + -19 + 22 - -7).
35
What is -78 + -2 - ((52 - 22) + 0 - 30)?
-80
Calculate (-19 - -32 - (-18 - -27)) + 22.
26
What is the value of (59 - (5 + -3 + 16 + -10)) + (-11 - -1)?
41
Calculate 3 + (6 + -23 - (-3 + 2 + 22)).
-35
What is -1 + -53 + (145 - 77)?
14
47 + -18 + -27 + (1 - -11)
14
-100 + 0 - (-116 - -389 - 277)
-96
What is the value of (-63 - (-75 - -102)) + 19 + 0?
-71
Evaluate -66 + -7 + 11 + (-2 - -5 - -5).
-54
-65 + 142 + -38 - 32
7
What is the value of 28 - (31 - (21 - -13))?
31
Evaluate 159 - 174 - (12 + -4 + 2).
-25
What is (57 + -47 - 8) + -29?
-27
What is the value of (-47 - 1) + 1 - ((11 - -40 - 16) + -39)?
-43
Evaluate (13 - 1 - (20 + (-104 - -52))) + 5.
49
What is -35 + -85 - -73 - (-1 - (-24 - 0))?
-70
Calculate (-2 + -7 + 13 - (37 + -33)) + -41 + -1.
-42
What is the value of (-104 - (88 - 187)) + -1 + -79?
-85
What is 5 - 2 - -2 - (-31 - -33) - 3 - 39?
-39
What is the value of 131 - 77 - (8 + 34)?
12
-81 + (13 - (-28 - -19)) - (16 + -1)
-74
Evaluate 119 - (-44 + 88 + -15 - -6).
84
What is the value of 7 - -1 - (-56 + -47 + 150)?
-39
What is 5 + 41 + -48 - (-4 + (5 - 3) - 55)?
55
What is (3 - (8 - (-4 + 2)) - 2) + 582 + -620?
-47
Calculate 2 + -6 + 16 + (1 - -8 - 53).
-32
What is (8 - (11 - -6)) + 1 - 34?
-42
(-101 - (-24 + -41)) + (31 - 4)
-9
What is the value of 18 + (-41 - -11) + 1?
-11
What is the value of 13 - ((-17 - 5 - -18) + 60)?
-43
What is -14 + -18 + 8 + -18?
-42
(104 - 359 - -273) + (0 - -21) + -1
38
What is -167 - -133 - (-5 + (-4 - (-7 + 1)))?
-31
What is the value of -11 + 9 + (19 - 36) + -4 - 8?
-31
-14 + (3 - 0) + (-40 - (9 - 51)) - 58
-67
-3 + -2 + 9 + -12 + 5 + -19 + 38
16
Calculate 46 + (5 - 286 - -119).
-116
-21 - -62 - 51 - (4 + 4 + -10 + -4)
-4
Calculate (24 - (-2 - (-9 - 5))) + (-13 - -20).
19
Evaluate (9 - 92 - -91) + 4 + -25.
-13
Calculate (58 + -258 - -195) + (-1 - -3 - (51 + 0)).
-54
What is -62 + (18 + -11 - (0 - -2)) - (-1 + -1)?
-55
-5 - (-89 - -28) - ((4 - 1) + 8)
45
Evaluate (-323 - -242) + (-1 - -80).
-2
Calculate 59 + -4 + 30 + -37 + 2.
50
Evaluate 7 + -3 + -10 + (0 + -5 - 8).
-19
What is the value of -63 - -47 - (4 - 6 - 5)?
-9
-1 - 21 - (6 - (-17 - (22 + -65)) - -31)
-33
9 + -3 + (29 + -3 + -21 - -49)
60
What is the value of -44 - -55 - 66 - -33?
-22
What is (5 - 3) + -142 + 130?
-10
What is (8223 - 8242) + (1 - (1 - 1)) + -49?
-67
What is the value of -60 - ((1 - (-2 - (17 + 0 + -9))) + -21)?
-50
-2 - 31 - (95 + -25 - 90)
-13
Evaluate (-5 - -14) + (36 - -24) + 4 + 9 + -12.
70
Evaluate 7 - (-117 - (51 + -54 + 26 - (1 + 10))).
136
9 - 1 - (63 + 32 - (-17 + (-13 - -30)))
-87
What is -14 - (-74 - (15 - 128))?
-53
Calculate 1247 - 1212 - (4 + 37).
-6
2 + 3 + -6 + -7 - -11 - -2
5
-1 + (-2 - -3) + (-40 - (2 - 4))
-38
Evaluate 1 - -1 - (29 + (-5 - (-1 + 2)) + -3).
-18
Calculate -4 - (2 + 18) - (-86 - -79).
-17
57 + 158 + -150 - (0 + -1 + (1 - 2))
67
Calculate 15 - (11 - (29 - 29)) - 0.
4
What is the value of -40 + -8 + (-3 - -10) - (15 - 25)?
-31
What is the value of (82 - 111) + 6 + 23 - (-71 - (2 + -2))?
71
What is the value of -22 + (10 - -1) + (-57 - -20) + 15?
-33
What is (-75 - 8) + 16 + (7 - -37)?
-23
1 + -24 + (-2790 - -2819)
6
Calculate -28 - (-42 + 111 - 72).
-25
Evaluate 43 - (-5 + -6 + 73).
-19
147 + (-3 + -64 + 50 - -19)
149
Evaluate -11 + -3 + -58 + -61 + 112.
-21
Calculate -48 - (-85 + -38) - 116.
-41
What is 6 + (-4 + -2 - -4 - -23) + (-7 - 1)?
19
What is the value of (55 - 61) + -1 + (1 + 0 - 3)?
-9
Evaluate 129 + (-41 - -13) + -31 - 2.
68
What is 13 - ((68 - (-28 - -44)) + -1 + -6 + 12)?
-44
Calculate 22 + 16 + -38 - (-4 - (6 + 7 + 66)).
83
What is the value of 256 - 243 - ((29 - 6) + 2)?
-12
Evaluate 3 + 4 + -8 + 0 + 4 - (-16 - -13).
6
(4 + 1 + -1 - (67 - 53)) + -28 + -1
-39
What is 6 - (16 - -26) - (1 - (3 + 2))?
-32
Calculate -2 - -1 - 13 - (102376 - 102452).
62
What is the value of 3 - -14 - ((-19 - -33) + 6) - -22?
19
Calculate 39 - (-19 - (16 + -19 - -1)) - 11.
45
(28 + -48 - -13) + 1 - (3 - 2)
-7
Calculate 57 - ((-5 - (1 + 14)) + 40).
37
Calculate -11 + -2 + 34 + -19 - (0 + -42).
44
What is the value of -25 - (-18 - (18 + -37 + 21))?
-5
What is the value of (6 + (179 - (-15 + 31)) + -10 - 10) + -16?
133
(-18 - -9 - -31) + -7 + -2
13
What is the value of 2 - -4 - (-521 - -530)?
-3
Evaluate -17 + 17 + (-36 - -42) - 17.
-11
What is the value of (-6 - 16) + 16 + -16 + -24 + 5?
-41
What is the value of 14 + 7 + -38 - -37?
20
Calculate 1 - -10 - (-33 + (13 - 33) + 23).
41
Evaluate 0 + -5 + (5 - -12) + -112 + -6 + -12.
-118
4 - (47 + -10 + 10) - (4 - 10)
-37
What is -60 + 13 + (8 - -22)?
-17
1 + 0 - (9 + 38 + -42)
-4
What is (-26 + 3 - (264 - 291)) + -17?
-13
Evaluate (6 - (-2 - (-11 - -8) - -14)) + (250 - 168).
73
What is -155 - -170 - (15 - (-5 + -3))?
-8
What is the value of (-9 - (7 + (1 + -2 - (0 - -9)))) + 17?
11
Evaluate -1 + (1 - -24 - 15) + (6 - -1 - 81).
-65
(4 - (13 + -5)) + -13 + 12 - (40 - -3)
-48
What is (13 - 13 - (-1 + (-10 - 1))) + -29?
-17
(-9 - 1) + (38 - (-18 + 36)) - 41
-31
Evaluate (2 - -7) + (1 - (41 + 0 + 119 + -95)).
-55
What is the value of 99 + -72 + -34 - -58?
51
What is 25 + (0 - 16) + -26 - -21?
4
Evaluate (-28 - -36 - 10) + -49.
-51
-9 - (-1 + -1 - ((-4 - -15) + -8)) - -52
48
What is 0 + (-31 - -20) - (7 - -22)?
-40
(-5 + 13 - 5) + -64 + (1 - -6)
-54
-70 - (63 - (-28 + 90))
-71
What is the value of 25 + 123 + -392 + 103?
-141
Calculate 9 + (-30 - -16) - 12.
-17
What is 18 + 0 + (-1 + 16 - (103 + (105 - 182)))?
7
-12 - (6 + -10 + (-22 - 5 - 7))
26
What is 94 - (524 + -520 - (-10 - 0 - 0))?
80
Evaluate -2 + -59 + 15 + (4 - (-3 - -31)).
-70
(31 + -9 - 20 - (5 + 100)) + -11
-114
Calculate 11 - 0 - (-1388 - -1389).
10
Evaluate 0 + -2 + 0 - -3 - (33605 + -33567).
-37
What is 2 + -1 + (224 - 236 - (-1 - 30) - -13)?
33
Evaluate (-2 - -3) + -103 - -6 - (-9 - (14 + -23)).
-96
-28 + (-54 - -48) + 48
14
Calculate -1 + -19 + (10 + -51 + 13 - (-99 + 81)).
-30
What is the value of 117 + (-12 + -4 - -26) - (22 + -7)?
112
Calculate -10 + (1 - -8) + (-23 - (-21 + -17 + 24)).
-10
What is the value of 13 + (401 + -393 - (1 - 15))?
35
Calculate 151 - (-68 - (-37 + -69)).
113
What is 38 + -2 - (707 + -729)?
58
What is the value of 1 - ((-43 - -8) + -7 - (12 + 3 + -9))?
49
What is the value of 56 + -1 + (24 - (-46 + 60)) + -4?
61
Evaluate 9 + -15 - (-102 + 78).
18
Evaluate -29 - -20 - -20 - 7.
4
What is -1170 + 1126 + (3 - -1)?
-40
Calculate (0 - -7) + (-21 - -6 - 2) + 54.
44
What is (-13 - (13 + -5)) + (4 + -13 + 2 - 3)?
-31
Calculate (-1 - (100 - (-1 - -1))) + 213 + (-914 - -709).
-93
What is the value of 3 - 3 - 0 - (-2 + 15) - (2383 - 2373)?
-23
29 - (-8 + (41 - 16))
12
What is 23 - (97 + (-234 - -111))?
49
-4 + (57 - (0 + -1 - (-21 - (-10 - 5))))
48
What is 1 + 7 - -7 - -1 - (97 - 85)?
4
What is (0 - -19) + (-159 - -182)?
42
Calculate (117 - 163) + (-5 + (4 - (4 - -1)) - 2).
-54
32 - 15 - 10 - (-22 - -2)
27
What is the value of -9 + (8 - ((266 - 264) + (1 - 7))) - 30?
-27
What is the value of -208 + 231 + 8 + (-69 - 0)?
-38
What is the value of 28 + 31 + (-3 - (8 - 12))?
60
(-49 - (-17 - 7 - -1)) + -42
-68
What is 12 - ((9 + 4 - 56) + 5)?
50
What is 22 + -5 + 17 + (2 - 7) - 8?
21
What is 3 + (1 - 6) - (11 + -79 - -32)?
34
What is the value of 22 + 0 + -48 + 26 + 35?
35
Calculate 7 - (-81 + -47 + 36 - -19).
80
What is (-18 - -30 - (-1 - -5)) + -519 + 550?
39
Calculate 0 - -11 - (372 + -331) - 31.
-61
Calculate -6 - (-1 - -11 - (26 - (8 - 4))).
6
2 - -20 - ((-10 - (-4 + -8)) + -27 + 13)
34
What is the value of (8 - (-8 - -14)) + (0 - -3 - (-7 - -7))?
5
Evaluate 3 + -7 - (-1235 - -1202).
29
-2 - (-5 - ((4 - -5) + -32 + 12))
-8
7 + 3 + (-7 + 14 - 1 - 44)
-28
-1 - ((-12 - 4) +